1100111110?
101110000010
In base 14, what is 12072 + 5?
12077
In base 16, what is d + 6d43?
6d50
In base 11, what is -1898 - 162?
-1a4a
In base 13, what is 2b9624 + -1?
2b9623
In base 14, what is 0 + 2767?
2767
In base 10, what is -66311 - -5?
-66306
In base 15, what is -16833 - e?
-16842
In base 8, what is -2 + 10665?
10663
In base 13, what is -a402 + 3?
-a3cc
In base 5, what is 132 + -1024?
-342
In base 13, what is 3 + 85a8?
85ab
In base 10, what is -862 + 477?
-385
In base 2, what is 11101 - 101000000110?
-100111101001
In base 13, what is -29 + -11c36?
-11c62
In base 13, what is -419 - 30?
-449
In base 8, what is -4 + -255506?
-255512
In base 11, what is 80 - 10781?
-10701
In base 11, what is -5 - -33a3?
3399
In base 3, what is -1 + -201100222?
-201101000
In base 13, what is 1 - 65778?
-65777
In base 3, what is -22 - -12210112?
12210020
In base 7, what is -3 + -1300?
-1303
In base 15, what is -b0 - -214?
154
In base 2, what is 101001011101 + 100?
101001100001
In base 4, what is 32220321 + -1?
32220320
In base 7, what is 1600664 - 2?
1600662
In base 13, what is -45aa + 2b?
-457c
In base 16, what is 351 - -15?
366
In base 16, what is 0 - 3fbd4?
-3fbd4
In base 4, what is 12001 + 3201?
21202
In base 13, what is 2aa62 - -4?
2aa66
In base 11, what is 5 - 3019a9?
-3019a4
In base 3, what is 211101122 + -12100?
211012022
In base 7, what is -2613 + -104?
-3020
In base 7, what is -3 - 4200510?
-4200513
In base 12, what is -108597 + 19?
-10857a
In base 15, what is -10 - -1422?
1412
In base 9, what is 56330 + -7?
56322
In base 4, what is -222320 - 11?
-222331
In base 7, what is 3 - 46605?
-46602
In base 7, what is 5 - -23065?
23103
In base 15, what is -12eb - -1be?
-112c
In base 5, what is -223 + -1422?
-2200
In base 10, what is 5 - -35031?
35036
In base 7, what is 1 + 16641?
16642
In base 16, what is 18e198 + -2?
18e196
In base 3, what is 10 + 1222212011?
1222212021
In base 4, what is -33210020 + 100?
-33203320
In base 8, what is -225341 - 0?
-225341
In base 2, what is 101001 - 11000010110011?
-11000010001010
In base 6, what is 13320151 + 5?
13320200
In base 11, what is -10 + -72a8?
-7308
In base 2, what is -1000001010010011 - 11?
-1000001010010110
In base 15, what is -3e777 + -4?
-3e77b
In base 8, what is -356521 - 3?
-356524
In base 2, what is -10010 - 10010110110?
-10011001000
In base 9, what is 44 - 7708?
-7654
In base 9, what is 455 - 18614?
-18148
In base 6, what is -4005 - -501?
-3104
In base 3, what is -11 + -111100222?
-111101010
In base 14, what is -7b6dc + -2?
-7b700
In base 8, what is 2 + -14224?
-14222
In base 2, what is 1100101111 + -101001100101?
-11100110110
In base 15, what is 4 + -780b?
-7807
In base 10, what is 279184 - -2?
279186
In base 6, what is -3541 - 15?
-4000
In base 15, what is 29682a + -3?
296827
In base 14, what is 1c683b + 4?
1c6841
In base 13, what is 1c41 - 6?
1c38
In base 13, what is 36c - -6?
375
In base 8, what is -6513 + 3222?
-3271
In base 5, what is 42241432 - 1?
42241431
In base 9, what is 4 - 117448?
-117444
In base 4, what is -121232001 - 2?
-121232003
In base 13, what is -4 + -9ca0?
-9ca4
In base 16, what is -51e99 + -2?
-51e9b
In base 4, what is -32011002 + -21?
-32011023
In base 16, what is 15f4 + 2aa?
189e
In base 3, what is -2110202000 + -100?
-2110202100
In base 10, what is 6683 - -4?
6687
In base 16, what is 12f99 + 1?
12f9a
In base 3, what is 221 - 2012200020?
-2012122022
In base 15, what is 3 + 3007?
300a
In base 7, what is 1055 + 24051?
25136
In base 8, what is 2305 + 115?
2422
In base 14, what is -8 + 1819b?
18193
In base 14, what is -148 - 327?
-471
In base 13, what is -11 - 1c03?
-1c14
In base 10, what is -6832 + -204?
-7036
In base 4, what is -1013 - 2311?
-3330
In base 10, what is -5 + 81210?
81205
In base 9, what is 82574 - -4?
82578
In base 6, what is 4500 + 224?
5124
In base 9, what is -2 - -622483?
622481
In base 14, what is 5 - 38b6?
-38b1
In base 13, what is -63b2 + -4?
-63b6
In base 9, what is 44268 + 5?
44274
In base 15, what is 5892 + 4?
5896
In base 15, what is 4 - -55c?
561
In base 3, what is -211111 - 10022?
-221210
In base 13, what is 4 - -bb053?
bb057
In base 13, what is -177405 - 4?
-177409
In base 16, what is d1 + -4?
cd
In base 9, what is -510 - 13573?
-14183
In base 11, what is -134 - 328?
-461
In base 4, what is -131 - 1222202?
-1222333
In base 4, what is 100 + 21111213?
21111313
In base 10, what is -1473 + -1184?
-2657
In base 3, what is -1001212110011 + -20?
-1001212110101
In base 16, what is 76 + -1aa1?
-1a2b
In base 14, what is 5 + -1804b?
-18046
In base 6, what is 45 + 345?
434
In base 6, what is -12 - 114305?
-114321
In base 4, what is 2 - -21100222?
21100230
In base 5, what is 0 + -111110312?
-111110312
In base 5, what is -1302 - -340?
-412
In base 14, what is -27 - -723?
6da
In base 4, what is 31123022 + -22?
31123000
In base 14, what is 2 - 3ac5?
-3ac3
In base 5, what is -10103 + -314?
-10422
In base 15, what is -1 - -500aa?
500a9
In base 13, what is -1937 - 5?
-193c
In base 7, what is -3243 + -6011?
-12254
In base 7, what is -4 + -55323?
-55330
In base 7, what is -240 - 1655?
-2225
In base 11, what is -4a6 + -907?
-1302
In base 4, what is -3033 - -2203123?
2200030
In base 15, what is -72d + -5?
-733
In base 4, what is 2 - 10333100?
-10333032
In base 16, what is -1b6f - 66?
-1bd5
In base 16, what is 729 - 4?
725
In base 11, what is -161070 + 5?
-161066
In base 8, what is -2004 + -2022?
-4026
In base 2, what is -110010101000 + -101100110?
-111000001110
In base 16, what is -33 + -9e03?
-9e36
In base 16, what is 954 - -8?
95c
In base 10, what is -568138 + -2?
-568140
In base 7, what is -4 + -1220021?
-1220025
In base 6, what is -12 - -13414443?
13414431
In base 11, what is -498 + 243?
-255
In base 6, what is 14 + -3105034?
-3105020
In base 15, what is 2d - 38e?
-361
In base 5, what is 33 - 21120?
-21032
In base 7, what is 3 + 41100?
41103
In base 13, what is 2635 + -a?
2628
In base 16, what is -14 - 12951?
-12965
In base 8, what is 16423 - 12?
16411
In base 4, what is 330031 + -103?
323322
In base 2, what is 1000001101110101010 + -111?
1000001101110100011
In base 13, what is -1027 - 238?
-1262
In base 6, what is -2 - -553000?
552554
In base 8, what is -1626 - -263?
-1343
In base 13, what is 60c7 + 14?
610b
In base 4, what is -121101 + 21?
-121020
In base 2, what is 100 - -100101010000100100?
100101010000101000
In base 16, what is -7c - bf?
-13b
In base 5, what is 4133 + 1331?
11014
In base 3, what is -2 - -2110011120?
2110011111
In base 6, what is 1045 - 3413?
-2324
In base 2, what is 10000000111 - -101111000?
10101111111
In base 4, what is -20303232 + 1?
-20303231
In base 3, what is 1221012 - 111?
1220201
In base 10, what is 33 - 7658?
-7625
In base 6, what is 123 - -52130?
52253
In base 4, what is -1000 - -2012?
1012
In base 12, what is -7 + -18b33?
-18b3a
In base 12, what is -4126 - 2?
-4128
In base 4, what is -30332213 - 2?
-30332221
In base 9, what is -268682 - 5?
-268687
In base 4, what is 2123 + -1313?
210
In base 10, what is -156 - 63?
-219
In base 13, what is -6 - 225?
-22b
In base 4, what is -1213101 + -121?
-1213222
In base 8, what is 51 + 436?
507
In base 12, what is -44 + -5907?
-594b
In base 6, what is 1201 + 504?
2105
In base 13, what is 2 - -2a034?
2a036
In base 9, what is 118 + 41071?
41200
In base 13, what is 5 + -15383?
-1537b
In base 15, what is -2b2 - -34?
-27d
In base 3, what is 1011011020 - 0?
1011011020
In base 8, what is 5 + 15461?
15466
In base 5, what is -1 - -134342444?
134342443
In base 12, what is 9173 - 0?
9173
In base 6, what is -4533014 + -3?
-4533021
In base 10, what is -4 - 206078?
-206082
In base 9, what is 640523 - 5?
640517
In base 8, what is -33640412 + -1?
-33640413
In base 3, what is 200102 + 22012012?
22212121
In base 8, what is 6102 - -17?
6121
In base 15, what is -19 + -2b4?
-2cd
In base 8, what is 1213 + 5456?
6671
In base 9, what is 42 + -6821?
-6768
In base 3, what is 120121202 + -10?
120121122
In base 10, what is 9683 + -5?
9678
In base 6, what is -110 + 10450?
10340
In base 4, what is 12 - -2020331?
2021003
In base 3, what is -11200220000 - -12?
-11200212211
In base 11, what is 1597 + 855?
2341
In base 8, what is 3564 - -1311?
5075
In base 14, what is 15 - 3ad0?
-3ab9
In base 9, what is -157 - 2738?
-3006
In base 2, wh